6?
2
Calculate the remainder when 23003 is divided by 71.
70
Calculate the remainder when 1118 is divided by 125.
118
What is the remainder when 1069 is divided by 231?
145
What is the remainder when 1444 is divided by 50?
44
Calculate the remainder when 1105 is divided by 508.
89
Calculate the remainder when 126 is divided by 70.
56
What is the remainder when 240 is divided by 79?
3
Calculate the remainder when 1317 is divided by 12.
9
What is the remainder when 5489 is divided by 10?
9
What is the remainder when 373 is divided by 19?
12
What is the remainder when 319 is divided by 13?
7
Calculate the remainder when 116 is divided by 108.
8
What is the remainder when 220 is divided by 97?
26
What is the remainder when 126 is divided by 22?
16
Calculate the remainder when 1153 is divided by 17.
14
What is the remainder when 186 is divided by 31?
0
Calculate the remainder when 212 is divided by 28.
16
Calculate the remainder when 1754 is divided by 15.
14
Calculate the remainder when 227 is divided by 6.
5
Calculate the remainder when 78 is divided by 56.
22
Calculate the remainder when 5452 is divided by 287.
286
Calculate the remainder when 685 is divided by 138.
133
Calculate the remainder when 101 is divided by 45.
11
Calculate the remainder when 841 is divided by 821.
20
Calculate the remainder when 710 is divided by 17.
13
Calculate the remainder when 1192 is divided by 59.
12
Calculate the remainder when 639 is divided by 64.
63
Calculate the remainder when 505 is divided by 46.
45
Calculate the remainder when 1189 is divided by 52.
45
What is the remainder when 3010 is divided by 67?
62
Calculate the remainder when 58 is divided by 20.
18
What is the remainder when 106 is divided by 24?
10
Calculate the remainder when 778 is divided by 157.
150
Calculate the remainder when 376 is divided by 54.
52
What is the remainder when 1668 is divided by 26?
4
What is the remainder when 2372 is divided by 3?
2
What is the remainder when 179 is divided by 92?
87
Calculate the remainder when 2859 is divided by 106.
103
What is the remainder when 425 is divided by 31?
22
Calculate the remainder when 413 is divided by 91.
49
What is the remainder when 248 is divided by 60?
8
What is the remainder when 1026 is divided by 345?
336
What is the remainder when 17015 is divided by 13?
11
What is the remainder when 501 is divided by 39?
33
Calculate the remainder when 133 is divided by 104.
29
Calculate the remainder when 5803 is divided by 32.
11
Calculate the remainder when 931 is divided by 70.
21
Calculate the remainder when 62 is divided by 21.
20
What is the remainder when 204 is divided by 103?
101
What is the remainder when 149 is divided by 36?
5
What is the remainder when 186 is divided by 21?
18
What is the remainder when 34 is divided by 9?
7
What is the remainder when 923 is divided by 49?
41
Calculate the remainder when 349 is divided by 22.
19
Calculate the remainder when 740 is divided by 53.
51
What is the remainder when 323 is divided by 91?
50
What is the remainder when 73 is divided by 49?
24
Calculate the remainder when 37117 is divided by 20.
17
Calculate the remainder when 79 is divided by 28.
23
What is the remainder when 647 is divided by 72?
71
What is the remainder when 526 is divided by 260?
6
Calculate the remainder when 520 is divided by 77.
58
What is the remainder when 533 is divided by 5?
3
Calculate the remainder when 86 is divided by 19.
10
Calculate the remainder when 316 is divided by 83.
67
What is the remainder when 217 is divided by 67?
16
What is the remainder when 130 is divided by 127?
3
Calculate the remainder when 16 is divided by 8.
0
Calculate the remainder when 1405 is divided by 32.
29
Calculate the remainder when 238 is divided by 61.
55
Calculate the remainder when 325 is divided by 109.
107
What is the remainder when 129 is divided by 39?
12
Calculate the remainder when 156 is divided by 10.
6
What is the remainder when 1256 is divided by 36?
32
What is the remainder when 1310 is divided by 46?
22
Calculate the remainder when 87 is divided by 5.
2
Calculate the remainder when 1229 is divided by 239.
34
Calculate the remainder when 4786 is divided by 1192.
18
What is the remainder when 4095 is divided by 3?
0
What is the remainder when 641 is divided by 47?
30
What is the remainder when 211 is divided by 12?
7
What is the remainder when 179 is divided by 88?
3
Calculate the remainder when 981 is divided by 44.
13
What is the remainder when 339 is divided by 38?
35
Calculate the remainder when 119 is divided by 66.
53
Calculate the remainder when 277 is divided by 28.
25
Calculate the remainder when 34 is divided by 6.
4
What is the remainder when 50 is divided by 18?
14
Calculate the remainder when 699 is divided by 18.
15
Calculate the remainder when 688 is divided by 171.
4
Calculate the remainder when 260 is divided by 44.
40
What is the remainder when 205 is divided by 45?
25
Calculate the remainder when 1059 is divided by 106.
105
Calculate the remainder when 29840 is divided by 86.
84
Calculate the remainder when 878 is divided by 130.
98
Calculate the remainder when 5276 is divided by 26.
24
Calculate the remainder when 430 is divided by 8.
6
Calculate the remainder when 269 is divided by 50.
19
Calculate the remainder when 1747 is divided by 56.
11
Calculate the remainder when 124 is divided by 57.
10
What is the remainder when 74 is divided by 24?
2
Calculate the remainder when 814 is divided by 8.
6
Calculate the remainder when 115 is divided by 12.
7
Calculate the remainder when 553 is divided by 275.
3
Calculate the remainder when 773 is divided by 156.
149
What is the remainder when 6605 is divided by 28?
25
Calculate the remainder when 628 is divided by 45.
43
What is the remainder when 3110 is divided by 164?
158
Calculate the remainder when 5419 is divided by 113.
108
Calculate the remainder when 7465 is divided by 131.
129
Calculate the remainder when 476 is divided by 37.
32
Calculate the remainder when 798 is divided by 16.
14
Calculate the remainder when 4741 is divided by 105.
16
What is the remainder when 399 is divided by 15?
9
Calculate the remainder when 777 is divided by 20.
17
Calculate the remainder when 323 is divided by 56.
43
Calculate the remainder when 444 is divided by 419.
25
Calculate the remainder when 2527 is divided by 250.
27
What is the remainder when 96 is divided by 17?
11
Calculate the remainder when 269 is divided by 16.
13
What is the remainder when 522 is divided by 74?
4
What is the remainder when 24 is divided by 7?
3
What is the remainder when 13615 is divided by 46?
45
Calculate the remainder when 5121 is divided by 17.
4
What is the remainder when 37 is divided by 5?
2
Calculate the remainder when 198 is divided by 10.
8
Calculate the remainder when 717 is divided by 16.
13
What is the remainder when 2906 is divided by 242?
2
What is the remainder when 7559 is divided by 56?
55
Calculate the remainder when 48119 is divided by 15.
14
Calculate the remainder when 226 is divided by 10.
6
Calculate the remainder when 147 is divided by 23.
9
What is the remainder when 4342 is divided by 181?
179
Calculate the remainder when 1978 is divided by 66.
64
Calculate the remainder when 122 is divided by 46.
30
What is the remainder when 2890 is divided by 484?
470
Calculate the remainder when 835 is divided by 169.
159
Calculate the remainder when 204 is divided by 42.
36
What is the remainder when 28 is divided by 3?
1
What is the remainder when 248 is divided by 42?
38
What is the remainder when 29 is divided by 7?
1
Calculate the remainder when 528 is divided by 90.
78
Calculate the remainder when 7871 is divided by 8.
7
Calculate the remainder when 590 is divided by 59.
0
What is the remainder when 9014 is divided by 127?
124
What is the remainder when 112 is divided by 3?
1
What is the remainder when 141 is divided by 66?
9
Calculate the remainder when 52 is divided by 6.
4
What is the remainder when 2018 is divided by 10?
8
What is the remainder when 4597 is divided by 22?
21
What is the remainder when 1355 is divided by 23?
21
What is the remainder when 4993 is divided by 14?
9
What is the remainder when 728 is divided by 349?
30
What is the remainder when 11